 factor of 30 and f.
6
Let m be 28*2/2 - 1. Let c(g) = -12*g + 51. Let s be c(4). What is the highest common divisor of s and m?
3
Let q = -69 + 88. Calculate the highest common divisor of 95 and q.
19
Let r(f) = -39*f - 3. Let b be r(-4). Suppose 3*l + b = 5*o, l - 29 = -2*o + o. What is the highest common factor of o and 15?
15
Suppose 12*o - 7*o = 45. Let c(v) = 2*v**2 + 2*v + 3. Let b be c(5). Calculate the highest common factor of b and o.
9
Let b be 1/(-4) - 57/(-4). Let a(f) = -11*f - 2. Let o be a(-10). Suppose -4*q - o = -4*g, -g + 5*g + 3*q = 115. What is the greatest common divisor of g and b?
14
Let i(l) = l**2 + 3*l + 2. Let r be i(-5). Suppose 236 = 7*p + 180. What is the greatest common divisor of p and r?
4
Suppose -2*m - 2*m = 5*t + 255, m + 5*t + 75 = 0. Let b be m/((-9)/24*2). Calculate the highest common divisor of 10 and b.
10
Let o = -7 + 19. What is the highest common divisor of 12 and o?
12
Let a = -3 + 3. Suppose -n + 3*n - 30 = a. Suppose f - n = -2*f. Calculate the greatest common factor of f and 35.
5
Let d = -43 - -77. Calculate the greatest common divisor of d and 68.
34
Let c(o) = -54*o - 2. Let w be c(-3). Let a(i) = i**3 + i + 20. Let s be (0 - 0)*(-1 - -2). Let v be a(s). What is the highest common divisor of w and v?
20
Let k(o) = 4*o + 2. Let h be k(6). Suppose 2 = -9*z + 10*z. Suppose 105 = 2*i - 5*x, -z*i + 4*i - 125 = x. What is the highest common factor of h and i?
13
Suppose -3*d - 5 - 1 = 0. Let z be (-32 - -4)*8/d. What is the greatest common divisor of z and 14?
14
Let s(a) = -a**3 - 10*a**2 - 5. Let k be s(-6). Let o be 0 + 236 - (0 - -2). Let g = k + o. What is the greatest common divisor of g and 17?
17
Suppose 4*y = 5*v + 23, -2*y = 2*v - 26 + 10. Let w = 1 + y. What is the highest common divisor of w and 40?
8
Suppose -5*t + 0*t = -30. Let d = t + -1. Suppose 0 = -5*v - d*z + 54 + 6, -v = 3*z - 16. Calculate the highest common factor of v and 10.
10
Let u(w) be the third derivative of w**4/24 + w**3/3 - 3*w**2. Let b be u(3). Calculate the highest common divisor of 40 and b.
5
Let b be ((-2)/7 + 0)*-7. Suppose 0 = -b*k - k. Suppose k = -0*v - 3*v + 6. Calculate the greatest common divisor of 5 and v.
1
Let v = -525 - -526. Suppose f + f = 6. Suppose -f*b - b + 16 = 0. What is the greatest common factor of v and b?
1
Let f(w) be the third derivative of w**5/60 + 13*w**4/24 + 5*w**3/6 - w**2. Let b be f(-15). Calculate the greatest common divisor of b and 5.
5
Suppose -3*p - 52 + 220 = 0. Suppose 0 = -3*m + 5*m - 16. Calculate the greatest common divisor of p and m.
8
Let o be 0 + 0 + -3 + -12. Let c = 48 + o. Calculate the highest common divisor of c and 231.
33
Let s be -1 - -4 - -1*(4 - -287). What is the highest common factor of s and 42?
42
Suppose p + x + 60 = 6*p, -10 = 2*x. What is the highest common factor of 198 and p?
11
Suppose -24 = 5*i + m - 183, 2*m = 3*i - 85. Calculate the highest common divisor of 62 and i.
31
Suppose 0*j = -2*j. Suppose 5*x + 2*w = 776, x - 4*w - 142 = -j*w. Calculate the highest common divisor of x and 22.
22
Suppose -1763 = -7*s + 162. What is the highest common factor of 25 and s?
25
Suppose 11 = 4*t + 4*x - 89, 0 = -5*x. Calculate the greatest common divisor of t and 100.
25
Let g = -2 + 23. Calculate the greatest common factor of 189 and g.
21
Let g be (-12)/42 + (-88)/(-14). Let o = g + -3. Let c(h) = h**2 - 4. Let u be c(5). What is the highest common divisor of o and u?
3
Suppose 0 = 5*v - 5*l - 610, -l + 3*l - 575 = -5*v. What is the highest common divisor of v and 13?
13
Suppose -3*y + 114 = 5*o, 2*o + 2*y = 3*o - 15. Let k be 5/(20/28) + (-5 - -5). Calculate the greatest common factor of k and o.
7
Suppose j - 2*f + 16 = 4*j, 16 = j - 2*f. What is the greatest common divisor of 8 and j?
8
Let s = 62 - 42. Let v be (18/(-15))/((-2)/s). What is the greatest common factor of 36 and v?
12
Let t(a) = -a**2 + 5*a. Let d be t(6). Let w be (-388)/(-16) + (-1)/4. Let g be w/(-20)*40/d. Calculate the greatest common divisor of 2 and g.
2
Suppose -3*g - 3*l + 16 - 1 = 0, 0 = -2*g + l - 2. Let f = 89 - g. Let d = -12 + 23. What is the greatest common factor of f and d?
11
Let o be (-28)/(-16) + (-2)/(-8). Suppose 4*p = o*z - 20, 2*p = -4*z + p + 58. Suppose -17*b = 26 - 264. Calculate the greatest common factor of z and b.
14
Let i(p) = -p**3 - 6*p**2 - 5*p + 3. Let s be i(-5). Let f(u) = -u**3 + 6*u**2 - 9*u + 44. Let x be f(5). What is the greatest common factor of x and s?
3
Let g(u) = 2*u**2 - 8*u + 14. Let j be g(5). Suppose -5*o + f - 64 = -10*o, 5*o - 5*f - 40 = 0. Calculate the greatest common factor of j and o.
12
Let a(h) = -4*h + 1. Let s be a(-2). Suppose 2*q - 4 = -2*q. Let j(x) = 45*x**3 + x**2 - x. Let i be j(q). Calculate the greatest common factor of i and s.
9
Suppose -3*c + 4*k = 9 - 29, 5*c - 4*k - 20 = 0. Suppose -4*y + 2*s = 48, c*s + s = y + 12. Let u = -5 - y. What is the greatest common factor of 35 and u?
7
Suppose 0 = 2*o - 2*c - 2, -2*c = -3*o - 6*c + 3. What is the greatest common factor of o and 1?
1
Let n(a) = -a**3 + 11*a**2 + 14*a - 17. Let c = -17 + 29. Let f be n(c). What is the highest common divisor of f and 77?
7
Let d(b) = 4*b**3 + b**2 - 4*b + 3. Let t be d(2). What is the highest common divisor of 93 and t?
31
Suppose -3*r - r - 28 = 0. Let o = -5 - r. Suppose h = -o*k + 32, -2*h = -0*k - k - 84. What is the greatest common factor of 16 and h?
8
Suppose q + 60 = 4*q + 5*w, 81 = 3*q - 2*w. Calculate the greatest common divisor of q and 50.
25
Let i be 2 - ((-6)/(-3) + 2). Let s be 193/(-2) + 1/i. Let q = 137 + s. What is the highest common divisor of 5 and q?
5
Let h = 481 - 329. What is the highest common factor of h and 19?
19
Let s = -6 - -21. What is the greatest common divisor of s and 6?
3
Let l(s) = 2*s**2 - 5*s + 12. Let k be l(5). Calculate the greatest common factor of 37 and k.
37
Let p(q) = 9*q. Let i be p(2). What is the greatest common divisor of 144 and i?
18
Let n = -29 + 65. What is the greatest common factor of 12 and n?
12
Suppose -4*d + 41 = 5*i - 71, -2*d + 26 = i. Suppose 5 = 3*s - 28. Let v = s + -6. What is the highest common divisor of v and i?
5
Suppose 2*y = -2*i + 17 + 23, -4*y = -2*i + 52. Calculate the greatest common factor of i and 11.
11
Let u(x) = 80*x**2 + 1. Let s = 4 + -3. Let g be u(s). Let i = -91 + 100. What is the highest common divisor of g and i?
9
Let x be 95/10 + (0 - (-2)/4). Let v(u) = 2*u**2 - 4*u - 1. Let j be -1*(0 - 1) - -3. Let s be v(j). Calculate the highest common factor of x and s.
5
Suppose -2*b = 2*b - 16. Let k(q) = 9*q + 2. Let f be k(b). Calculate the highest common divisor of 57 and f.
19
Suppose 5*p = p. Let x(j) = j + 39. Let h be x(p). Calculate the highest common divisor of 26 and h.
13
Let i(r) = r**2 - 7*r - 9. Let s be i(9). Suppose 0 = -3*x + 2*x - 5*q - s, -3*x + 9 = 3*q. What is the highest common factor of 42 and x?
6
Let b = 69 + -45. Suppose -8 + b = g - r, 3*g + 3*r - 18 = 0. Calculate the greatest common divisor of g and 77.
11
Let g = 88 - -3. Suppose 48 = 2*u + 22. Calculate the highest common factor of g and u.
13
Let l = -29 + 62. What is the highest common divisor of 165 and l?
33
Suppose -84 = -2*c - 4*i, -5*c + 3*i + 2*i = -285. Calculate the highest common factor of c and 13.
13
Suppose 0 = 5*k - o - 159, -66 = -3*k - 2*o + 32. Calculate the greatest common factor of k and 8.
8
Suppose 0 = -u - 2*u + 2*o + 27, -2*u = 4*o - 18. Calculate the greatest common divisor of 72 and u.
9
Let i = 157 - 105. Calculate the highest common factor of 130 and i.
26
Let n(p) = 19*p**2 - 3*p + 3. Let f be n(2). Let h = f - 46. Suppose -2*t + t = -h. Calculate the greatest common factor of 3 and t.
3
Let j be -3 - -57*(-1 - 2). Let c = j - -258. What is the highest common divisor of 12 and c?
12
Let n be 1*11 - (13 - 13). Let j(i) = i**2 - 5. Let u = -8 - -4. Let l be j(u). Calculate the greatest common factor of l and n.
11
Suppose 5*j - 82 = -4*g, 3*j - g - g - 36 = 0. What is the highest common divisor of 35 and j?
7
Suppose 0 = -5*q + 8*q - 72. Calculate the highest common divisor of 8 and q.
8
Let f = -36 - -83. Let w = f - 25. Calculate the highest common factor of 2 and w.
2
Let u be 1*32 + (-8)/2. Calculate the highest common divisor of 70 and u.